alculate the remainder when 155 is divided by 20.
15
What is the remainder when 1497 is divided by 75?
72
What is the remainder when 284 is divided by 11?
9
Calculate the remainder when 236 is divided by 42.
26
Calculate the remainder when 85 is divided by 25.
10
Calculate the remainder when 6635 is divided by 28.
27
What is the remainder when 4658 is divided by 259?
255
Calculate the remainder when 910 is divided by 24.
22
What is the remainder when 1070 is divided by 51?
50
What is the remainder when 4090 is divided by 23?
19
What is the remainder when 76 is divided by 27?
22
Calculate the remainder when 193 is divided by 69.
55
What is the remainder when 41 is divided by 19?
3
What is the remainder when 814 is divided by 17?
15
What is the remainder when 284 is divided by 89?
17
What is the remainder when 1923 is divided by 945?
33
Calculate the remainder when 383 is divided by 26.
19
What is the remainder when 2964 is divided by 198?
192
Calculate the remainder when 115 is divided by 20.
15
What is the remainder when 217 is divided by 47?
29
What is the remainder when 28 is divided by 10?
8
Calculate the remainder when 37 is divided by 8.
5
Calculate the remainder when 1510 is divided by 63.
61
Calculate the remainder when 1098 is divided by 92.
86
What is the remainder when 1917 is divided by 362?
107
What is the remainder when 54 is divided by 29?
25
What is the remainder when 142 is divided by 29?
26
What is the remainder when 97 is divided by 33?
31
What is the remainder when 555 is divided by 102?
45
What is the remainder when 99 is divided by 7?
1
Calculate the remainder when 235 is divided by 52.
27
Calculate the remainder when 19 is divided by 4.
3
What is the remainder when 519 is divided by 136?
111
What is the remainder when 382 is divided by 153?
76
What is the remainder when 3451 is divided by 31?
10
Calculate the remainder when 989 is divided by 33.
32
Calculate the remainder when 697 is divided by 22.
15
What is the remainder when 3294 is divided by 32?
30
What is the remainder when 469 is divided by 125?
94
Calculate the remainder when 2106 is divided by 68.
66
What is the remainder when 669 is divided by 32?
29
What is the remainder when 149 is divided by 38?
35
What is the remainder when 266 is divided by 9?
5
What is the remainder when 119 is divided by 63?
56
Calculate the remainder when 44 is divided by 14.
2
What is the remainder when 942 is divided by 79?
73
What is the remainder when 149 is divided by 80?
69
What is the remainder when 2985 is divided by 4?
1
Calculate the remainder when 1068 is divided by 63.
60
What is the remainder when 1165 is divided by 147?
136
Calculate the remainder when 236 is divided by 24.
20
Calculate the remainder when 93 is divided by 33.
27
Calculate the remainder when 158 is divided by 31.
3
What is the remainder when 994 is divided by 13?
6
What is the remainder when 5258 is divided by 329?
323
What is the remainder when 130 is divided by 11?
9
What is the remainder when 2837 is divided by 89?
78
Calculate the remainder when 1727 is divided by 91.
89
Calculate the remainder when 313 is divided by 40.
33
What is the remainder when 2079 is divided by 139?
133
Calculate the remainder when 2282 is divided by 286.
280
What is the remainder when 122 is divided by 25?
22
Calculate the remainder when 20 is divided by 11.
9
Calculate the remainder when 7368 is divided by 91.
88
What is the remainder when 187 is divided by 49?
40
Calculate the remainder when 85 is divided by 63.
22
What is the remainder when 6 is divided by 6?
0
Calculate the remainder when 783 is divided by 28.
27
Calculate the remainder when 138 is divided by 11.
6
Calculate the remainder when 1236 is divided by 160.
116
What is the remainder when 214 is divided by 70?
4
What is the remainder when 288 is divided by 5?
3
What is the remainder when 535 is divided by 2?
1
Calculate the remainder when 73 is divided by 29.
15
Calculate the remainder when 699 is divided by 8.
3
Calculate the remainder when 133 is divided by 17.
14
Calculate the remainder when 199 is divided by 40.
39
Calculate the remainder when 157 is divided by 29.
12
What is the remainder when 123 is divided by 18?
15
Calculate the remainder when 6764 is divided by 55.
54
What is the remainder when 186 is divided by 21?
18
What is the remainder when 1776 is divided by 48?
0
Calculate the remainder when 577 is divided by 100.
77
Calculate the remainder when 155 is divided by 12.
11
Calculate the remainder when 198 is divided by 51.
45
Calculate the remainder when 381 is divided by 48.
45
Calculate the remainder when 42 is divided by 17.
8
What is the remainder when 483 is divided by 45?
33
What is the remainder when 84 is divided by 21?
0
Calculate the remainder when 16000 is divided by 21.
19
What is the remainder when 666 is divided by 84?
78
What is the remainder when 55 is divided by 15?
10
Calculate the remainder when 245 is divided by 52.
37
Calculate the remainder when 952 is divided by 18.
16
Calculate the remainder when 248 is divided by 44.
28
What is the remainder when 260 is divided by 6?
2
What is the remainder when 93 is divided by 18?
3
What is the remainder when 255 is divided by 28?
3
Calculate the remainder when 2191 is divided by 110.
101
What is the remainder when 540 is divided by 13?
7
Calculate the remainder when 3102 is divided by 97.
95
What is the remainder when 52 is divided by 21?
10
What is the remainder when 2428 is divided by 276?
220
What is the remainder when 358 is divided by 30?
28
Calculate the remainder when 164 is divided by 24.
20
Calculate the remainder when 129 is divided by 67.
62
What is the remainder when 167 is divided by 34?
31
What is the remainder when 107 is divided by 23?
15
What is the remainder when 116 is divided by 33?
17
What is the remainder when 17 is divided by 3?
2
What is the remainder when 806 is divided by 13?
0
What is the remainder when 1451 is divided by 28?
23
Calculate the remainder when 1038 is divided by 4.
2
Calculate the remainder when 82 is divided by 23.
13
Calculate the remainder when 85 is divided by 3.
1
Calculate the remainder when 380 is divided by 41.
11
What is the remainder when 143 is divided by 114?
29
Calculate the remainder when 419 is divided by 61.
53
Calculate the remainder when 7109 is divided by 1776.
5
What is the remainder when 170 is divided by 45?
35
Calculate the remainder when 1757 is divided by 438.
5
What is the remainder when 69 is divided by 32?
5
Calculate the remainder when 750 is divided by 339.
72
What is the remainder when 206 is divided by 22?
8
What is the remainder when 652 is divided by 107?
10
What is the remainder when 138 is divided by 40?
18
Calculate the remainder when 17 is divided by 16.
1
Calculate the remainder when 539 is divided by 273.
266
Calculate the remainder when 270 is divided by 68.
66
What is the remainder when 205 is divided by 14?
9
What is the remainder when 66 is divided by 64?
2
Calculate the remainder when 302 is divided by 79.
65
What is the remainder when 731 is divided by 188?
167
What is the remainder when 160 is divided by 157?
3
Calculate the remainder when 82 is divided by 10.
2
Calculate the remainder when 83 is divided by 63.
20
What is the remainder when 4209 is divided by 26?
23
What is the remainder when 165 is divided by 83?
82
What is the remainder when 517 is divided by 122?
29
Calculate the remainder when 524 is divided by 44.
40
Calculate the remainder when 2972 is divided by 5.
2
Calculate the remainder when 76 is divided by 14.
6
Calculate the remainder when 210 is divided by 27.
21
Calculate the remainder when 336 is divided by 35.
21
Calculate the remainder when 577 is divided by 5.
2
Calculate the remainder when 349 is divided by 14.
13
Calculate the remainder when 356 is divided by 36.
32
What is the remainder when 918 is divided by 83?
5
What is the remainder when 1357 is divided by 276?
253
What is the remainder when 221 is divided by 109?
3
What is the remainder when 240 is divided by 71?
27
Calculate the remainder when 3399 is divided by 179.
177
What is the remainder when 183 is divided by 23?
22
Calculate the remainder when 451 is divided by 4.
3
Calculate the remainder when 469 is divided by 113